5*l**2 - 5*l**3. Let q be y(-5). Let u = q - 15. What is the units digit of u?
8
Let j(r) = 2*r**2 - 7*r + 436. What is the thousands digit of j(-29)?
2
Let r(h) = -h**2 - 7*h - 9. Let f be r(-4). Let o be -1 - (-2 + 2)/f. What is the tens digit of (-6)/(o/((-30)/(-9)))?
2
Let a = 145 - 134. What is the tens digit of a?
1
Let d(q) = -q**3 - 6*q**2 - 4*q + 4. Let u be d(-4). Let i = u - -74. What is the units digit of i?
2
Let k(h) = 638*h - 9. What is the hundreds digit of k(3)?
9
Suppose -87*f + 75*f + 20904 = 0. What is the thousands digit of f?
1
Let a = 172 + 63. Let k = -102 + a. What is the hundreds digit of k?
1
Let q(t) = 6*t**2 - 2*t - 110. What is the tens digit of q(-9)?
9
Suppose -o - 3 = -7. Suppose o*z + 1 = -15. What is the tens digit of 0 + (-1 - (-60 + z))?
6
What is the hundreds digit of (-17 - -3)/7 - (-597 - 0)?
5
Let d(n) = 8*n**2 - 33*n + 250. What is the tens digit of d(15)?
5
Let v = -115 + 175. What is the tens digit of v?
6
What is the units digit of -4 + (253 - -7) + 5/(-1)?
1
Let s be 3330/165 - 2/11. Let c = s - 6. What is the tens digit of c?
1
Suppose -6*d = -7*d + 5. Let f = -16 - -30. Suppose -4*i = -4*m + 114 + f, d*m + 2*i = 188. What is the tens digit of m?
3
Let h(z) = 21*z**3 - 10*z**2 + 15*z - 51. What is the tens digit of h(4)?
9
Let q(o) = 53*o**2 + 19*o + 92. What is the thousands digit of q(-9)?
4
Let o(i) = -3*i**3 - 7*i**2 - 9*i - 1. What is the hundreds digit of o(-5)?
2
What is the tens digit of 1361 + 15 + -2 + -2 + -1?
7
Let n = -179 - 105. Let p = -152 - n. Suppose -5*w + 2*o = -p, -5*w - 2*o + 144 = -o. What is the tens digit of w?
2
Suppose 83*t - 85*t + 260 = 0. What is the units digit of t?
0
Suppose -2270 = 5*f - 10*f. What is the tens digit of f?
5
Let b = 19 + -9. Suppose -3*n = -8*n + b. Suppose n*j - 62 = s, -5*s = 5*j - 0*j - 185. What is the units digit of j?
3
Suppose 8*u = 4*u + 8. Suppose -5*h = -2*p - u*p - 167, 3*h = 2*p + 101. Let m = 57 - h. What is the tens digit of m?
2
What is the hundreds digit of (15 - 9)*(-2)/((-4)/59)?
1
Let s = 13 - 14. What is the units digit of s/4*(-243 - 1)?
1
Suppose 2*j + 4 = 0, 0 = s - 4*j + 7*j + 4. Suppose -5*r + s*r = -195. What is the tens digit of r?
6
Let u(d) = 5*d**2 - d**2 + 92 + 10*d - 85. What is the tens digit of u(-6)?
9
Let w be (6/4)/(4/8). Suppose 5*o - w*i - 120 = 0, 5*o + 54 - 174 = 2*i. What is the units digit of o?
4
Suppose 10*x + 6*x = 38944. What is the tens digit of x?
3
Suppose -5*u = -0*a + 4*a - 425, a - u - 95 = 0. What is the tens digit of (16 - 12) + 0 + a?
0
Suppose 10 = 4*q - 2*q. Let y = 18 - -20. Suppose q*j = 92 + y. What is the units digit of j?
6
Let a = 3 - 11. Let q(v) be the third derivative of -v**6/120 - 7*v**5/60 + v**4/4 + 4*v**3/3 - 4*v**2 + 3. What is the tens digit of q(a)?
2
Let z(p) = p**3 - 3*p**2 + 3*p - 1. Let c be z(2). Suppose 0 = -j - 3, 0*o = -2*o + j + 61. Suppose -c = q - o. What is the tens digit of q?
2
Let i = 25 + 37. Let s = -37 + i. Suppose -m = 4*a - s, 2*m - m = -2*a + 13. What is the units digit of a?
6
Suppose 6*d - 75 = d. Suppose -d = -2*c - b, -2*c + 19 = c + 5*b. What is the units digit of c?
8
Let u(p) = p**2 + p - 17. Let o be u(8). Suppose -x - 162 - o = -4*f, -3*x = -9. Let z = -29 + f. What is the tens digit of z?
2
Suppose 0 = 4*s - 12, -7 = -4*h - 4*s + 21. What is the units digit of (-52)/(h/4*-2)?
6
Let k(d) = d**2 - 9*d - 21. Let g be k(11). What is the units digit of (8931/12)/13 - g/4?
7
What is the tens digit of ((4 - -3) + -2208)*(-2 + 1)?
0
Suppose 0 = -10*n - 236 + 496. What is the tens digit of n?
2
Let g(d) be the first derivative of -d**4/4 - 8*d**3/3 - 5*d**2 - d - 156. Let n be (-1 - 1) + (-10)/2. What is the units digit of g(n)?
0
Let m(v) be the first derivative of v**3/3 - v**2 - 4*v - 20. What is the units digit of m(4)?
4
What is the units digit of 9436/6*9/(-54)*-9?
9
Let d(c) = -2*c - 14. Let j be d(-7). Let m(p) = -p - 24. Let h(b) = b + 24. Let u(i) = 3*h(i) + 2*m(i). What is the units digit of u(j)?
4
Let s = 3 + 6. What is the units digit of (-708)/s*18/(-12)?
8
Let x = -15 + 16. Let i be 1 + x + 1 + -17. What is the units digit of 2/5*(-490)/i?
4
Let z(w) be the first derivative of 2*w**3/3 + 4*w**2 - 9*w - 600. Let f(p) = 3*p + 7. Let d be f(-5). What is the units digit of z(d)?
5
Let y be (6/7)/(6/21). What is the tens digit of (27/y)/((-4)/(-20))?
4
Suppose -16 = -4*o + 24. Suppose 0 = 3*b + b + z + 45, 5*z = -2*b - 9. What is the tens digit of 126/o - b/30?
1
Let u = 72 - -223. What is the tens digit of u?
9
Let h = -418 - -802. What is the hundreds digit of h?
3
What is the tens digit of 40/24*(-72972)/(-30)?
5
Suppose 0 = 4*w + 3*w - 630. Suppose 6*b = 7*b - w. What is the tens digit of b?
9
Let f(u) = -3*u + 342. What is the hundreds digit of f(0)?
3
Suppose -3*g + 2*g = -33. Let l = 7 + g. What is the tens digit of l?
4
Let b = 205 + 420. What is the hundreds digit of b?
6
Let x(j) = 2*j**3 + 3*j**2 - 8*j - 23. What is the tens digit of x(6)?
6
Let f(j) = -2*j**3 - j**2 + 2*j + 695. What is the units digit of f(0)?
5
What is the thousands digit of 1063 - ((-15)/12)/(4/16)?
1
Let p(l) = l**3 + 6*l**2 - 8*l + 3. Let k be p(-7). Let a = 12 - k. Suppose -a*s = 2*s - 56. What is the units digit of s?
4
Suppose 3*s - 8*s = 4*u + 158, -4*u + 182 = -5*s. Let i = s - -85. What is the tens digit of i?
5
Let k(n) = -20*n - 5. Let d be k(-2). Let x = d - -94. What is the hundreds digit of x?
1
Let r = -2447 - -4294. What is the units digit of r?
7
Let a be (-39)/6*(-2 - 6)*3. Let p be (-3)/(-2) - (-1)/2. What is the tens digit of a/(-8)*p/(-3)?
1
Suppose 4*b - 924 = 4*h, -h + 5*b = -0*b + 239. Let p = 414 + h. What is the units digit of p?
5
Let p(a) be the second derivative of a**4/12 + 4*a**3/3 + a**2/2 + 18*a. What is the tens digit of p(-17)?
5
Let h = -13 - -17. Suppose g - 10 = p - h, -20 = -4*g + 3*p. Suppose g*o + o + 4*r = 70, 3*o - r - 95 = 0. What is the units digit of o?
0
Let h(g) = 31*g - 14. Let l be h(5). Suppose -l = -4*k + 5*s, -205 = -5*k - 4*s + 2. What is the units digit of k?
9
Let m be (-3)/(3 + -6)*5. Suppose 0 = -m*c - 0*c. Suppose 2*b + 0*b - 48 = c. What is the units digit of b?
4
Suppose 0 = -3*s + 7*s + 4. What is the tens digit of (-40)/20 - (s - 59)?
5
Suppose 0 = -5*q + 4*p + 2914, -3*q = -12*p + 9*p - 1746. What is the hundreds digit of q?
5
Suppose n + a = -11, 0 = -3*n + a + 4 - 29. What is the units digit of 7 + (15/(-3) - n)?
1
Suppose 0 = m - 27 + 10. What is the tens digit of (m - 13) + 256/2?
3
Suppose -2*g + 5*i = -24, 5*g + i - 18 = 3*i. Suppose -5*p + 736 = 3*u + u, 3*u + 299 = g*p. What is the tens digit of p?
4
Suppose 7764 = -734*c + 740*c. What is the units digit of c?
4
Let p = -3 + 3. Suppose 0 = 4*y - 2*u - 10, -u + 19 = 5*y + 3*u. Suppose 5*j - 79 = -y*g, -j + p = -3*g - 5. What is the tens digit of j?
1
Suppose 0 = 1172*l - 1170*l - 1926. What is the hundreds digit of l?
9
Let m be -19 + 14 + (287 - 0). Suppose -4*u - 4*i + 629 = -9*i, -4*i + m = 2*u. What is the units digit of u?
1
Let p(b) = b**3 - b**2 - 3*b + 1. Let w(r) = r**2 - 2*r + 3. Let d be w(0). Let j be p(d). Suppose -5*m - 110 = -j*m. What is the units digit of m?
2
Suppose -3 - 5 = 2*u. Let c = 21 + u. Let v = 21 - c. What is the units digit of v?
4
Suppose 0*m = -4*m + 260. Let y(o) = -21*o - 173. Let d be y(-8). Let t = d + m. What is the tens digit of t?
6
Suppose -2*x + 2*d + 17 = -1, -x + 4*d = -24. Suppose j - x*w + 2*w - 116 = 0, -2*w = 3*j - 348. What is the units digit of j?
6
Let r(f) = 40*f**2 - f + 13. What is the units digit of r(4)?
9
Let q be (-1 - -1)*(-3 + 4). Suppose 3*o = -q*o. Suppose 5*f - 30 - 105 = o. What is the units digit of f?
7
Suppose -4*b + 1 = -23. Let v = -19 - -16. Let w = v + b. What is the units digit of w?
3
Suppose -64 - 8 = -4*g. Let z = 20 - g. What is the tens digit of -10*36/(-8) + z?
4
Suppose 18*n + 33656 = 46*n. What is the hundreds digit of n?
2
Let o(z) be the first derivative of 2/3*z**3 - 1/4*z**4 - 2*z - 1/2*z**2 + 4. What is the tens digit of o(-2)?
1
Suppose 0 = 18*y - 13*y - 10. Suppose 2*t - 3*w = t + 43, w = y*t - 96. What is the tens digit of t?
4
Let a(n) = n**2 - 24*n + 23. Let t(i) = i**2 - 25*i + 23. Let b(p) = 5*a(p) - 4*t(p). What is the units digit of b(19)?
4
Supp